{"id":1922,"date":"2026-02-14T19:19:27","date_gmt":"2026-02-14T19:19:27","guid":{"rendered":"https:\/\/craftnadia.com\/?post_type=product&#038;p=1922"},"modified":"2026-04-06T18:58:30","modified_gmt":"2026-04-06T18:58:30","slug":"pack-de-40-pieces","status":"publish","type":"product","link":"https:\/\/craftnadia.com\/?product=pack-de-40-pieces","title":{"rendered":"Pack de 40 pi\u00e8ces"},"content":{"rendered":"<h3 data-start=\"76\" data-end=\"125\"><strong data-start=\"80\" data-end=\"125\">Pack Cr\u00e9atif Pl\u00e2tre \u00e0 Peindre &#8211; 40 Pi\u00e8ces<\/strong><\/h3>\n<p data-start=\"127\" data-end=\"382\">Lib\u00e9rez l&rsquo;imagination de vos enfants avec ce kit complet de <strong data-start=\"187\" data-end=\"213\">40 figurines en pl\u00e2tre<\/strong> pr\u00eates \u00e0 \u00eatre peintes ! Ce pack inclut une vari\u00e9t\u00e9 de formes : animaux, personnages, v\u00e9hicules et astronautes. Parfait pour stimuler leur cr\u00e9ativit\u00e9 tout en s&rsquo;amusant !<\/p>\n<p data-start=\"384\" data-end=\"401\">Le kit comprend :<\/p>\n<ul data-start=\"402\" data-end=\"568\">\n<li data-start=\"402\" data-end=\"440\">\n<p data-start=\"404\" data-end=\"440\"><strong>40 figurines en pl\u00e2tre \u00e0 peindre<\/strong><\/p>\n<\/li>\n<li data-start=\"441\" data-end=\"480\">\n<p data-start=\"443\" data-end=\"480\"><strong>5 pinceaux<\/strong><\/p>\n<\/li>\n<li data-start=\"481\" data-end=\"525\">\n<p data-start=\"483\" data-end=\"525\"><strong>24 pots de peinture aux couleurs vives<\/strong><\/p>\n<\/li>\n<li data-start=\"526\" data-end=\"568\">\n<p data-start=\"528\" data-end=\"568\"><strong>3 palettes pour m\u00e9langer les teintes<\/strong><\/p>\n<\/li>\n<\/ul>\n<p data-start=\"570\" data-end=\"766\">Id\u00e9al pour des moments cr\u00e9atifs en famille, ce pack offre une activit\u00e9 ludique qui d\u00e9veloppe la motricit\u00e9 fine et l\u2019imagination des enfants. Parfait pour un cadeau ou une activit\u00e9 d&rsquo;anniversaire !<\/p>\n","protected":false},"excerpt":{"rendered":"<p>Pack Cr\u00e9atif Pl\u00e2tre \u00e0 Peindre &#8211; 40 Pi\u00e8ces Lib\u00e9rez l&rsquo;imagination de vos enfants avec ce kit complet de 40 figurines en pl\u00e2tre pr\u00eates \u00e0 \u00eatre peintes ! Ce pack inclut une vari\u00e9t\u00e9 de formes : animaux, personnages, v\u00e9hicules et astronautes. Parfait pour stimuler leur cr\u00e9ativit\u00e9 tout en s&rsquo;amusant ! Le kit comprend : 40 figurines [&hellip;]<\/p>\n","protected":false},"featured_media":2046,"template":"","meta":{"_uag_custom_page_level_css":"","site-sidebar-layout":"default","site-content-layout":"","ast-site-content-layout":"default","site-content-style":"default","site-sidebar-style":"default","ast-global-header-display":"","ast-banner-title-visibility":"","ast-main-header-display":"","ast-hfb-above-header-display":"","ast-hfb-below-header-display":"","ast-hfb-mobile-header-display":"","site-post-title":"","ast-breadcrumbs-content":"","ast-featured-img":"","footer-sml-layout":"","ast-disable-related-posts":"","theme-transparent-header-meta":"default","adv-header-id-meta":"","stick-header-meta":"","header-above-stick-meta":"","header-main-stick-meta":"","header-below-stick-meta":"","astra-migrate-meta-layouts":"set","ast-page-background-enabled":"default","ast-page-background-meta":{"desktop":{"background-color":"","background-image":"","background-repeat":"repeat","background-position":"center center","background-size":"auto","background-attachment":"scroll","background-type":"","background-media":"","overlay-type":"","overlay-color":"","overlay-opacity":"","overlay-gradient":""},"tablet":{"background-color":"","background-image":"","background-repeat":"repeat","background-position":"center center","background-size":"auto","background-attachment":"scroll","background-type":"","background-media":"","overlay-type":"","overlay-color":"","overlay-opacity":"","overlay-gradient":""},"mobile":{"background-color":"","background-image":"","background-repeat":"repeat","background-position":"center center","background-size":"auto","background-attachment":"scroll","background-type":"","background-media":"","overlay-type":"","overlay-color":"","overlay-opacity":"","overlay-gradient":""}},"ast-content-background-meta":{"desktop":{"background-color":"var(--ast-global-color-5)","background-image":"","background-repeat":"repeat","background-position":"center center","background-size":"auto","background-attachment":"scroll","background-type":"","background-media":"","overlay-type":"","overlay-color":"","overlay-opacity":"","overlay-gradient":""},"tablet":{"background-color":"var(--ast-global-color-5)","background-image":"","background-repeat":"repeat","background-position":"center center","background-size":"auto","background-attachment":"scroll","background-type":"","background-media":"","overlay-type":"","overlay-color":"","overlay-opacity":"","overlay-gradient":""},"mobile":{"background-color":"var(--ast-global-color-5)","background-image":"","background-repeat":"repeat","background-position":"center center","background-size":"auto","background-attachment":"scroll","background-type":"","background-media":"","overlay-type":"","overlay-color":"","overlay-opacity":"","overlay-gradient":""}}},"product_brand":[],"product_cat":[25],"product_tag":[],"class_list":{"0":"post-1922","1":"product","2":"type-product","3":"status-publish","4":"has-post-thumbnail","6":"product_cat-pack","7":"desktop-align-left","8":"tablet-align-left","9":"mobile-align-left","11":"first","12":"instock","13":"shipping-taxable","14":"purchasable","15":"product-type-simple"},"uagb_featured_image_src":{"full":["https:\/\/craftnadia.com\/wp-content\/uploads\/2026\/02\/IMG-20260227-WA0145.jpg",1280,960,false],"thumbnail":["https:\/\/craftnadia.com\/wp-content\/uploads\/2026\/02\/IMG-20260227-WA0145-150x150.jpg",150,150,true],"medium":["https:\/\/craftnadia.com\/wp-content\/uploads\/2026\/02\/IMG-20260227-WA0145-300x225.jpg",300,225,true],"medium_large":["https:\/\/craftnadia.com\/wp-content\/uploads\/2026\/02\/IMG-20260227-WA0145-768x576.jpg",768,576,true],"large":["https:\/\/craftnadia.com\/wp-content\/uploads\/2026\/02\/IMG-20260227-WA0145-1024x768.jpg",1024,768,true],"1536x1536":["https:\/\/craftnadia.com\/wp-content\/uploads\/2026\/02\/IMG-20260227-WA0145.jpg",1280,960,false],"2048x2048":["https:\/\/craftnadia.com\/wp-content\/uploads\/2026\/02\/IMG-20260227-WA0145.jpg",1280,960,false],"woocommerce_thumbnail":["https:\/\/craftnadia.com\/wp-content\/uploads\/2026\/02\/IMG-20260227-WA0145-300x300.jpg",300,300,true],"woocommerce_single":["https:\/\/craftnadia.com\/wp-content\/uploads\/2026\/02\/IMG-20260227-WA0145-600x450.jpg",600,450,true],"woocommerce_gallery_thumbnail":["https:\/\/craftnadia.com\/wp-content\/uploads\/2026\/02\/IMG-20260227-WA0145-100x100.jpg",100,100,true]},"uagb_author_info":{"display_name":"FAISAL","author_link":"https:\/\/craftnadia.com\/?author=0"},"uagb_comment_info":0,"uagb_excerpt":"Pack Cr\u00e9atif Pl\u00e2tre \u00e0 Peindre &#8211; 40 Pi\u00e8ces Lib\u00e9rez l&rsquo;imagination de vos enfants avec ce kit complet de 40 figurines en pl\u00e2tre pr\u00eates \u00e0 \u00eatre peintes ! Ce pack inclut une vari\u00e9t\u00e9 de formes : animaux, personnages, v\u00e9hicules et astronautes. Parfait pour stimuler leur cr\u00e9ativit\u00e9 tout en s&rsquo;amusant ! Le kit comprend : 40 figurines\u2026","_links":{"self":[{"href":"https:\/\/craftnadia.com\/index.php?rest_route=\/wp\/v2\/product\/1922","targetHints":{"allow":["GET"]}}],"collection":[{"href":"https:\/\/craftnadia.com\/index.php?rest_route=\/wp\/v2\/product"}],"about":[{"href":"https:\/\/craftnadia.com\/index.php?rest_route=\/wp\/v2\/types\/product"}],"wp:featuredmedia":[{"embeddable":true,"href":"https:\/\/craftnadia.com\/index.php?rest_route=\/wp\/v2\/media\/2046"}],"wp:attachment":[{"href":"https:\/\/craftnadia.com\/index.php?rest_route=%2Fwp%2Fv2%2Fmedia&parent=1922"}],"wp:term":[{"taxonomy":"product_brand","embeddable":true,"href":"https:\/\/craftnadia.com\/index.php?rest_route=%2Fwp%2Fv2%2Fproduct_brand&post=1922"},{"taxonomy":"product_cat","embeddable":true,"href":"https:\/\/craftnadia.com\/index.php?rest_route=%2Fwp%2Fv2%2Fproduct_cat&post=1922"},{"taxonomy":"product_tag","embeddable":true,"href":"https:\/\/craftnadia.com\/index.php?rest_route=%2Fwp%2Fv2%2Fproduct_tag&post=1922"}],"curies":[{"name":"wp","href":"https:\/\/api.w.org\/{rel}","templated":true}]}}